t is n(-15)?
-21
Let m(o) = -2515*o - 387314. Give m(-154).
-4
Let a(x) = 8*x**2 - 18*x - 73. Determine a(-5).
217
Let h(t) = 1250*t - 99998. Determine h(80).
2
Let r(c) = c**3 - 6*c**2 + 17096*c - 68359. Calculate r(4).
-7
Let c(a) = 12*a**3 - 20*a**2 + 81*a - 118. Determine c(7).
3585
Let g(h) = 7*h**3 + 404*h**2 + 281*h - 18. Determine g(-57).
210
Let s(w) = -2*w**3 - 167*w**2 + 92*w + 637. Give s(-84).
-35
Let z(b) = -57*b + 2086. Give z(36).
34
Let r(w) = -2*w**2 - 10265*w - 51266. What is r(-5)?
9
Let z(f) = 2760*f + 30730. Give z(-11).
370
Let h(b) = 2120*b + 6663. Give h(-3).
303
Let n(x) = -x**3 + 43*x**2 + 90*x - 537. Give n(45).
-537
Let d(f) = -9*f**3 - 443*f**2 - 533*f - 202. What is d(-48)?
38
Let a(c) = 1128*c + 3416. What is a(-3)?
32
Let r(g) = 12*g**3 - 4*g**2 + 1339*g - 5331. Determine r(4).
729
Let n(j) = -8308*j + 124785. Determine n(15).
165
Let x(o) = -77*o - 10247. Give x(-128).
-391
Let i(y) = -21*y**2 + 2265*y - 4127. Determine i(106).
7
Let m(y) = y**2 - 739*y + 19007. Calculate m(25).
1157
Let q(v) = -2*v**3 + 28*v**2 + 41*v - 152. Determine q(-3).
31
Let d(m) = 17*m**2 - 94040*m - 282118. What is d(-3)?
155
Let c(y) = -79*y**2 - 26*y + 6152. Calculate c(-9).
-13
Let b(z) = 948*z + 51171. What is b(-54)?
-21
Let r(v) = -3*v - 669. Determine r(-182).
-123
Let m(j) = -531*j - 3622. What is m(-7)?
95
Let a(n) = n**3 + 22*n**2 + 52*n + 24. Determine a(-6).
288
Let x(z) = 427*z - 107567. Give x(252).
37
Let k(g) = 447*g + 127403. Give k(-285).
8
Let o(k) = -6*k**2 + 934*k - 23011. Determine o(31).
177
Let o(r) = 37227*r - 111019. What is o(3)?
662
Let v(l) = -126*l - 7674. Give v(-62).
138
Let o(a) = -a**3 + 3*a**2 - 108*a + 582. Give o(5).
-8
Let r(n) = -809*n**2 - 12220*n - 1252. Determine r(-15).
23
Let h(s) = -8*s**2 + 2331*s + 2325. Determine h(-1).
-14
Let n(j) = 401*j - 5518. Determine n(14).
96
Let b(d) = -d**3 + 184*d**2 + 447*d - 147613. Give b(182).
-11
Let p(j) = -5*j**2 - 1811*j - 7534. Give p(-358).
-16
Let t(i) = 3*i**3 + 239*i**2 - 1745*i + 1238. Determine t(6).
20
Let p(d) = d**3 + 346*d**2 + 6358*d - 52828. Give p(-326).
-16
Let p(t) = -t**3 + 12*t**2 + 127*t - 1510. Calculate p(11).
8
Let v(q) = -q**3 - 350*q**2 + 8579*q - 12. Calculate v(23).
-12
Let i(q) = -175*q - 21160. Calculate i(-127).
1065
Let f(s) = 17*s**2 + 101*s - 284. Give f(13).
3902
Let q(z) = 16*z**2 + 935*z + 8346. What is q(-11)?
-3
Let o(h) = -133*h + 207. What is o(0)?
207
Let r(f) = -3*f**2 - 1134*f - 75948. What is r(-291)?
3
Let d(h) = -13*h**2 - 61*h - 20. What is d(5)?
-650
Let t(f) = f**2 - 3506*f - 66978. Calculate t(-19).
-3
Let w(j) = -7*j**2 - 119*j + 577. Give w(-22).
-193
Let x(t) = -t**3 - 44*t**2 - 165*t + 335. What is x(-40)?
535
Let i(m) = 47*m + 63. Determine i(-15).
-642
Let v(y) = -12894*y + 38708. Calculate v(3).
26
Let g(a) = -a**3 - 3*a**2 + 181*a + 1114. Determine g(-10).
4
Let g(b) = b**3 + 65*b**2 + 326*b + 5004. Calculate g(-61).
2
Let d(u) = -434*u**2 - 102862*u - 430. Calculate d(-237).
518
Let w(b) = 99*b + 6134. Give w(-60).
194
Let a(d) = -36*d**3 + 9*d**2 - 272*d - 581. What is a(-2)?
287
Let l(u) = 23*u**2 + 963*u + 6160. Give l(-34).
6
Let l(g) = 30338*g - 121353. Calculate l(4).
-1
Let x(a) = -a**2 + 33*a + 8131. Give x(105).
571
Let m(f) = -f**3 + 15*f**2 + 640*f - 3506. Give m(5).
-56
Let x(u) = -447*u + 10612. Determine x(24).
-116
Let w(r) = -84*r + 1600. Determine w(-5).
2020
Let k(m) = -3*m**2 + 1852*m - 126667. What is k(539)?
-2
Let g(n) = -24*n**3 - 16*n**2 + 50*n + 218. Calculate g(-5).
2568
Let b(k) = -9*k**3 + 4*k**2 - 15*k + 51. Give b(5).
-1049
Let h(m) = -12*m**2 - 121*m - 167. Calculate h(-7).
92
Let l(r) = r**3 + 44*r**2 - 78*r + 716. What is l(-46)?
72
Let b(t) = 2*t**2 + 6684*t + 329112. Determine b(-50).
-88
Let v(k) = -k**3 - 262*k**2 + 15598*k - 644. Calculate v(-312).
-20
Let s(u) = 6732*u - 26840. Give s(4).
88
Let t(m) = -84061*m - 924658. Determine t(-11).
13
Let w(u) = 2510*u + 2480. What is w(-2)?
-2540
Let o(y) = -2101*y - 16531. Calculate o(-8).
277
Let q(z) = 9*z**3 + 169*z**2 + 34*z + 1359. What is q(-19)?
-9
Let q(s) = s**3 + 14*s**2 + 206*s + 3129. What is q(-15)?
-186
Let v(g) = -584*g - 3511. Calculate v(-6).
-7
Let z(m) = m**3 + 211*m**2 + 2386*m - 18. What is z(-12)?
6
Let x(j) = 612*j**2 + 48996*j + 2856. Determine x(-80).
-24
Let d(a) = -31*a**2 + 2875*a - 15691. Calculate d(87).
-205
Let t(m) = 274*m - 22171. Give t(81).
23
Let t(s) = -465*s + 7245. What is t(16)?
-195
Let u(z) = -z**3 + 129*z**2 + 131*z + 1038. What is u(130)?
1168
Let a(f) = -16546*f + 9034112. What is a(546)?
-4
Let d(p) = 6628*p - 46327. Determine d(7).
69
Let c(x) = 3*x**3 + 35*x**2 + 236*x + 352. Determine c(-11).
-2002
Let b(i) = i**3 + 20*i**2 + 138*i + 140. Calculate b(-13).
-471
Let b(z) = -5*z**2 + 189*z + 500977. What is b(336)?
1
Let p(c) = -3*c**3 + 932*c**2 + 528*c - 67521. Determine p(311).
-34
Let h(o) = 1273*o**2 + 113324*o + 2388. What is h(-89)?
-15
Let s(z) = 18333*z - 201689. Give s(11).
-26
Let y(f) = 5321*f + 69162. Determine y(-13).
-11
Let n(d) = d**3 - 37*d**2 - 33*d - 60. Calculate n(37).
-1281
Let p(j) = -26*j**3 - 3*j**2 + 24. Give p(-2).
220
Let z(j) = 13*j**2 + 124*j - 5851. Give z(17).
14
Let u(w) = 16*w**2 + 286*w + 42. What is u(0)?
42
Let t(h) = 24*h**3 + 32*h**2 - 70*h + 9. Calculate t(2).
189
Let d(j) = 4869*j + 1791788. Determine d(-368).
-4
Let l(q) = -7*q**3 + 395*q**2 + 342*q - 6672. Give l(57).
-174
Let h(w) = w**2 - 281*w - 7284. Determine h(-25).
366
Let i(x) = 16*x**2 + 1706*x + 973. Determine i(-103).
-5001
Let t(q) = -3122*q - 49788. Determine t(-16).
164
Let z(x) = -x**3 - 270*x**2 - 765*x + 9622. Give z(-267).
10
Let j(q) = -147112*q + 2206678. Give j(15).
-2
Let j(i) = 1543*i - 17962. Give j(12).
554
Let p(g) = -136*g + 5226. Calculate p(31).
1010
Let j(g) = -234*g**2 - 7227*g + 844. What is j(-31)?
7
Let m(z) = -3*z**3 - 37*z**2 - 129*z - 1655. Give m(-14).
1131
Let m(c) = -48467*c + 96636. Calculate m(2).
-298
Let f(p) = -22*p**2 - 6236*p - 6235. What is f(-1)?
-21
Let v(w) = 13014*w - 6624131. Determine v(509).
-5
Let j(n) = -6*n**2 + 98*n + 4327. Determine j(-20).
-33
Let g(n) = -52*n**2 - 421*n + 42728. What is g(-33)?
-7
Let m(q) = -2*q**3 + 68*q**2 + 1215*q + 332. Calculate m(47).
3
Let s(f) = -f**3 + 96*f**2 - 35*f - 22675. What is s(93)?
17
Let t(h) = 204*h + 17137. Determine t(-84).
1
Let i(v) = v**2 + 3023*v - 30338. What is i(10)?
-8
Let h(i) = -54*i**3 + 353*i**2 + 280*i. Determine h(7).
735
Let u(n) = n**2 - 2153*n - 15102. What is u(-7)?
18
Let j(r) = 12225*r - 85591. Give j(7).
-16
Let f(k) = 41*k**2 - 11020*k - 2411. What is f(269)?
10
Let x(z) = z**3 + 17*z**2 + 11*z + 661. What is x(-18)?
139
Let v(k) = 646*k + 129839. What is v(-201)?
-7
Let v(q) = 1763*q + 618811. Determine v(-351).
-2
Let b(t) = -6*t**3 + 6*t**2 + 23*t - 62. Give b(3).
-101
Let w(i) = 56*i**2 - 459*i - 436. Calculate w(9).
-31
Let h(t) = t**3 + 512*t**2 + 3545*t + 5158. What is h(-505)?
108
Let p(h) = -276000*h + 4416013. Determine p(16).
13
Let b(j) = -3*j**2 - 714*j - 1431. Calculate b(-2).
-15
Let n(s) = -s**3 + 124*s**2 + 4203*s + 17796. What is n(-5)?
6
Let u(z) = 14*z**2 - 235*z + 74. Give u(13).
-615
Let c(i) = -i**3 - 89*i**2 + 252*i + 5789. Give c(-7).
7
Let d(g) = -342*g**2 - 1676*g - 56. Give d(-5).
-226
Let z(u) = 4747*u - 23727. What is z(5)?
8
Let y(h) = -4501*h - 179717. What is y(-40)?
323
Let t(b) = -b**2 + 23*b + 3511. Determine t(75).
-389
Let o(a) = a**3 + 184*a**2 - 1171*a - 6082. Determine o(-190).
-192
Let g(c) = 247*c - 29704. Calculate g(123).
677
Let q(g) = -g**3 - 49*g**2 - 416*g - 36994. Give q(-54).
50
Let x(q) = q**2 + 82*q - 2473. Calculate x(24).
71
Let l(h) = 163672*h + 1964004. Calculate l(-12).
-60
Let q(u) = -137*u**2 - 3511*u + 4. Calculate q(0).
4
Let c(o) = -18*o**2 - 256*o - 752. Calculate c(-10).
8
Let t(f) = 3178463*f - 9535405. What is t(3)?
-16
Let l(j) = 2*j**3 + 283*j**2 - 430*j + 251. What is l(-143)?
394
Let s(l) = -45*l**2 + 575*l - 45. What is s(17)?
-3275
Let q(n) = -115297*n + 576485. Determine q(5).
0
Let l(x) = 10*x**2 + 158*x - 47. Determine l(-5).
-587
Let u(q) = q**3 + 48495*q**2 + 387902*q + 17. Calculate u(-8).
-31
Let p(d) = 2*d**3 + 347*d**2 - 1253*d - 2276. Calculate p(-177).
202
Let r(g